{"id":184,"date":"2017-09-25T11:19:32","date_gmt":"2017-09-25T11:19:32","guid":{"rendered":"https:\/\/www.versicherungsmakler-software.at\/?page_id=184"},"modified":"2024-02-02T06:28:29","modified_gmt":"2024-02-02T06:28:29","slug":"preise","status":"publish","type":"page","link":"https:\/\/www.versicherungsmakler-software.at\/index.php\/preise\/","title":{"rendered":"Preise"},"content":{"rendered":"<p>[et_pb_section fb_built=&#8220;1&#8243; _builder_version=&#8220;4.16&#8243; global_colors_info=&#8220;{}&#8220;][et_pb_row _builder_version=&#8220;4.16&#8243; background_size=&#8220;initial&#8220; background_position=&#8220;top_left&#8220; background_repeat=&#8220;repeat&#8220; global_colors_info=&#8220;{}&#8220;][et_pb_column type=&#8220;4_4&#8243; _builder_version=&#8220;4.16&#8243; custom_padding=&#8220;|||&#8220; global_colors_info=&#8220;{}&#8220; custom_padding__hover=&#8220;|||&#8220;][et_pb_text _builder_version=&#8220;4.24.0&#8243; vertical_offset_tablet=&#8220;0&#8243; horizontal_offset_tablet=&#8220;0&#8243; hover_enabled=&#8220;0&#8243; z_index_tablet=&#8220;0&#8243; text_text_shadow_horizontal_length_tablet=&#8220;0px&#8220; text_text_shadow_vertical_length_tablet=&#8220;0px&#8220; text_text_shadow_blur_strength_tablet=&#8220;1px&#8220; link_text_shadow_horizontal_length_tablet=&#8220;0px&#8220; link_text_shadow_vertical_length_tablet=&#8220;0px&#8220; link_text_shadow_blur_strength_tablet=&#8220;1px&#8220; ul_text_shadow_horizontal_length_tablet=&#8220;0px&#8220; ul_text_shadow_vertical_length_tablet=&#8220;0px&#8220; ul_text_shadow_blur_strength_tablet=&#8220;1px&#8220; ol_text_shadow_horizontal_length_tablet=&#8220;0px&#8220; ol_text_shadow_vertical_length_tablet=&#8220;0px&#8220; ol_text_shadow_blur_strength_tablet=&#8220;1px&#8220; quote_text_shadow_horizontal_length_tablet=&#8220;0px&#8220; quote_text_shadow_vertical_length_tablet=&#8220;0px&#8220; quote_text_shadow_blur_strength_tablet=&#8220;1px&#8220; header_text_shadow_horizontal_length_tablet=&#8220;0px&#8220; header_text_shadow_vertical_length_tablet=&#8220;0px&#8220; header_text_shadow_blur_strength_tablet=&#8220;1px&#8220; header_2_text_shadow_horizontal_length_tablet=&#8220;0px&#8220; header_2_text_shadow_vertical_length_tablet=&#8220;0px&#8220; header_2_text_shadow_blur_strength_tablet=&#8220;1px&#8220; header_3_text_shadow_horizontal_length_tablet=&#8220;0px&#8220; header_3_text_shadow_vertical_length_tablet=&#8220;0px&#8220; header_3_text_shadow_blur_strength_tablet=&#8220;1px&#8220; header_4_text_shadow_horizontal_length_tablet=&#8220;0px&#8220; header_4_text_shadow_vertical_length_tablet=&#8220;0px&#8220; header_4_text_shadow_blur_strength_tablet=&#8220;1px&#8220; header_5_text_shadow_horizontal_length_tablet=&#8220;0px&#8220; header_5_text_shadow_vertical_length_tablet=&#8220;0px&#8220; header_5_text_shadow_blur_strength_tablet=&#8220;1px&#8220; header_6_text_shadow_horizontal_length_tablet=&#8220;0px&#8220; header_6_text_shadow_vertical_length_tablet=&#8220;0px&#8220; header_6_text_shadow_blur_strength_tablet=&#8220;1px&#8220; box_shadow_horizontal_tablet=&#8220;0px&#8220; box_shadow_vertical_tablet=&#8220;0px&#8220; box_shadow_blur_tablet=&#8220;40px&#8220; box_shadow_spread_tablet=&#8220;0px&#8220; global_colors_info=&#8220;{}&#8220; admin_label=&#8220;Text&#8220; sticky_enabled=&#8220;0&#8243;]<\/p>\n<div class=\"content-container typography\">\n<p><strong>Preisliste\u00a0\u00a0<\/strong><\/p>\n<table cellspacing=\"0\" cellpadding=\"0\">\n<tbody>\n<tr>\n<td valign=\"top\" width=\"75%\">Einzelplatzversion Small bis 300 Kundendatens\u00e4tze (f\u00fcr Jungunternehmer bzw. nebenberufliche Berater), jederzeit upgradebar auf die Normalversion<\/td>\n<td valign=\"top\" width=\"25%\">\u20ac 490,&#8211;<\/td>\n<\/tr>\n<tr>\n<td valign=\"top\" width=\"75%\">Betreuungspaket Small &#8211; nur f\u00fcr Einzelplatzversion, alle Supportleistungen, kein pers\u00f6nlicher Besuch pro Jahr, Update jeweils 50,&#8211;<\/td>\n<td valign=\"top\" width=\"25%\">\u20ac 200,&#8211;<\/td>\n<\/tr>\n<tr>\n<td valign=\"top\" width=\"75%\">Einzelplatzversion ohne Einschr\u00e4nkungen*<\/td>\n<td valign=\"top\" width=\"25%\">\u20ac 840,&#8211;<\/td>\n<\/tr>\n<tr>\n<td valign=\"top\" width=\"75%\">Support \/ Betreuung Einzelplatzversion ohne Einschr\u00e4nkungen pro Jahr **<\/td>\n<td valign=\"top\" width=\"25%\">\u20ac 360,&#8211;<\/td>\n<\/tr>\n<tr>\n<td valign=\"top\" width=\"75%\">Weiterer Arbeitsplatz einmalig (max. 5 Arbeitspl\u00e4tze)<\/td>\n<td valign=\"top\" width=\"25%\">\u20ac 360,&#8211;<\/td>\n<\/tr>\n<tr>\n<td valign=\"top\" width=\"75%\">Support \/ Betreuung pro weiterem Arbeitsplatz pro Jahr **<\/td>\n<td valign=\"top\" width=\"25%\">\u20ac 180,&#8211;<\/td>\n<\/tr>\n<tr>\n<td valign=\"top\" width=\"75%\">Netzwerkversionen ab 5 Arbeitspl\u00e4tzen<\/td>\n<td valign=\"top\" width=\"25%\">auf Anfrage<\/td>\n<\/tr>\n<tr>\n<td valign=\"top\" width=\"75%\">\n<p>Datenimport aus OMDS (\u00f6sterreichisscher Maklerdatensatz) &#8211; Version 2.X:<\/p>\n<p>ab Einzelplatzversion ohne Einschr\u00e4nkungen<\/p>\n<\/td>\n<td valign=\"top\" width=\"25%\">\n<p>&nbsp;<\/p>\n<p>kostenlos<\/p>\n<\/td>\n<\/tr>\n<tr>\n<td valign=\"top\" width=\"75%\">Datenimport auf anderen Datenquellen<\/td>\n<td valign=\"top\" width=\"25%\">nach Aufwand<\/td>\n<\/tr>\n<tr>\n<td valign=\"top\" width=\"75%\">\n<p>Arbeitszeit (f\u00fcr alle anderen Dienstleistungen bzw. au\u00dfervertraglichen \u00c4nderungen) pro Stunde:<\/p>\n<p>F\u00fcr Kunden mit aufrechtem Supportvertrag 20 % Rabatt ***<\/p>\n<\/td>\n<td valign=\"top\" width=\"25%\">\u20ac 99,&#8211; ***<\/td>\n<\/tr>\n<\/tbody>\n<\/table>\n<p>* Beinhaltet pers\u00f6nliche Auslieferung und Installation auf Ihren PC\u00b4s inkl. Kurzeinschulung (2 h).<\/p>\n<p>** telefonische Hilfestellung bei diversen Problemen in der Bedienung etc., Anfragen per Email, kostenlose Installation von Updates inkl. Datenbankwartung (1x pro Jahr pers\u00f6nlich, 2x pro Jahr per Fernwartung)<br \/>Alle auf dieser Webseite angegebenen Preise sind bis zur Antragsannahme unverbindlich und beinhalten 20 % MWST.<\/p>\n<p>*** Sollte sich ein Kunde nicht kooperativ zeigen, meinen Empfehlungen nicht folgen, behalte ich mir das Recht vor, die Stundens\u00e4tze auf aktuelle eines Technikers mit meinem Wissenstand entsprechende Kosten zu erh\u00f6hen.<\/p>\n<\/div>\n<p>[\/et_pb_text][\/et_pb_column][\/et_pb_row][\/et_pb_section]<\/p>\n","protected":false},"excerpt":{"rendered":"<p>Preisliste\u00a0\u00a0 Einzelplatzversion Small bis 300 Kundendatens\u00e4tze (f\u00fcr Jungunternehmer bzw. nebenberufliche Berater), jederzeit upgradebar auf die Normalversion \u20ac 490,&#8211; Betreuungspaket Small &#8211; nur f\u00fcr Einzelplatzversion, alle Supportleistungen, kein pers\u00f6nlicher Besuch pro Jahr, Update jeweils 50,&#8211; \u20ac 200,&#8211; Einzelplatzversion ohne Einschr\u00e4nkungen* \u20ac 840,&#8211; Support \/ Betreuung Einzelplatzversion ohne Einschr\u00e4nkungen pro Jahr ** \u20ac 360,&#8211; Weiterer Arbeitsplatz einmalig [&hellip;]<\/p>\n","protected":false},"author":1,"featured_media":0,"parent":0,"menu_order":0,"comment_status":"closed","ping_status":"closed","template":"","meta":{"_et_pb_use_builder":"on","_et_pb_old_content":"","_et_gb_content_width":"","footnotes":""},"class_list":["post-184","page","type-page","status-publish","hentry"],"_links":{"self":[{"href":"https:\/\/www.versicherungsmakler-software.at\/index.php\/wp-json\/wp\/v2\/pages\/184","targetHints":{"allow":["GET"]}}],"collection":[{"href":"https:\/\/www.versicherungsmakler-software.at\/index.php\/wp-json\/wp\/v2\/pages"}],"about":[{"href":"https:\/\/www.versicherungsmakler-software.at\/index.php\/wp-json\/wp\/v2\/types\/page"}],"author":[{"embeddable":true,"href":"https:\/\/www.versicherungsmakler-software.at\/index.php\/wp-json\/wp\/v2\/users\/1"}],"replies":[{"embeddable":true,"href":"https:\/\/www.versicherungsmakler-software.at\/index.php\/wp-json\/wp\/v2\/comments?post=184"}],"version-history":[{"count":7,"href":"https:\/\/www.versicherungsmakler-software.at\/index.php\/wp-json\/wp\/v2\/pages\/184\/revisions"}],"predecessor-version":[{"id":486,"href":"https:\/\/www.versicherungsmakler-software.at\/index.php\/wp-json\/wp\/v2\/pages\/184\/revisions\/486"}],"wp:attachment":[{"href":"https:\/\/www.versicherungsmakler-software.at\/index.php\/wp-json\/wp\/v2\/media?parent=184"}],"curies":[{"name":"wp","href":"https:\/\/api.w.org\/{rel}","templated":true}]}}